 = i**2 + 13*i + 11. Let o be 14/(-3)*3 + 8 + -7. Give r(o).
11
Let d be -3 + 2 + 7 + 5. Let s = -15 + d. Let m(h) = -h - 2. Calculate m(s).
2
Let a(h) be the second derivative of 5*h**4/6 + h**3/6 - h**2/2 + 513*h + 2. Give a(1).
10
Let h = -11 - -9. Let p be (-243)/36 - h/(-8). Let j(r) = -r - 13. Give j(p).
-6
Suppose 2*d + l - 2 = 3, d = 5*l + 8. Let j(p) = -4*p - d + 2*p**2 + 3 - 5*p**2. Let n(x) = -x + 16. Let q be n(19). Determine j(q).
-15
Let o(s) = -1 - 5*s + 3*s**2 + 0*s**2 - 2*s**2. Let f be (0/2)/(-2*1). Let c(n) = -n + 6. Let v be c(f). Calculate o(v).
5
Let r(u) = 3*u + 5*u**2 - 63*u**3 - 4*u + 128*u**3 - 67*u**3 - 2. Determine r(3).
-14
Suppose 5*f + 8 = -17. Let c(k) be the third derivative of 7/6*k**3 + 1/6*k**4 + 0*k + 1/60*k**5 - 3*k**2 + 0. Give c(f).
12
Let p(m) = -m**3 - m**2 + m - 2. Suppose 27 = x + 17. Suppose 5 - 26 = -2*a - 5*l, -x = -2*l. Give p(a).
0
Let h(v) be the second derivative of v**5/20 + v**4/3 - v**2 + 15*v. Let w(g) = -g**2 - 9*g - 11. Let r be w(-8). Let q be (r - 0)/(3/4). Give h(q).
-2
Let d(v) be the first derivative of -v**3 + v**2/2 + 2*v + 3. Suppose -22*m + 18*m = -8. Determine d(m).
-8
Let s(y) = -y - 1. Let t = 15 + -23. Let k be s(t). Suppose -2 = -l - k. Let h(i) = 2*i + 7. What is h(l)?
-3
Let v(x) = -x**3 + 2*x**2 - 3*x + 4. Let j(b) = -b**3 + 3*b**2 - 3*b + 5. Let f(y) = -4*j(y) + 5*v(y). Suppose -4*n = -6*n - 4. What is f(n)?
6
Let r(d) = -d**2 - d + 1. Let c be r(-2). Let a be ((-6)/15)/((-4)/(-20)*-1). Let z(y) = 3*y - 50*y**2 - 3*y + 1 + 43*y**a. What is z(c)?
-6
Let m be 5 + (-5)/(15/(-21)). Let n(x) = -12*x + m*x - 2*x. What is n(-1)?
2
Let a(j) = -31*j + 22*j - 9*j**2 - 5 - j**3 + 3 + 0 - 2. Determine a(-8).
4
Let x(m) = m**2 + 8*m + 2. Let n be -74*5/(-70) + (-4)/14. Suppose -15 = -0*h + n*h. Determine x(h).
-13
Let f(m) be the first derivative of -m - 7 + 1/2*m**2. Suppose 2*x = j - 6, -5*x - 5*j - 46 + 16 = 0. Give f(x).
-5
Let w(h) = 5*h**3 - 4*h**2 - 9*h - 7. Let a(d) = -14*d**3 + 11*d**2 + 26*d + 20. Let q(k) = -6*a(k) - 17*w(k). What is q(3)?
-19
Let k(f) = -94*f + 27*f + 3*f**3 + 2*f**2 - 2*f**3 + 36*f - 1 + 29*f. Give k(-2).
3
Suppose -9 = 2*c - 1. Let w(t) = t**3 + 4*t**2 - 6*t - 2. Determine w(c).
22
Let x(w) = -w**2 - 4*w + 3. Suppose -3*v = -y + 9, -y = -2*v - 2*v - 8. Suppose 4*a + 12 = -y. What is x(a)?
-9
Let k(h) = -3*h**2 + 10*h + 3. Let g be k(4). Let m(q) = -q**3 - 5*q**2 + q + 7. Determine m(g).
2
Let y(a) = 3*a - 2*a - 3 + 6. Let v be y(-4). Let i(d) = -1 + d**3 - 4*d + 3*d - 3*d**3 + 0*d + d**2. What is i(v)?
3
Let r(g) be the second derivative of -g**4/12 + g**3 + 13*g**2/2 + 15*g - 1. What is r(9)?
-14
Let b = 802 - 809. Let j(h) = -6*h - 14. Determine j(b).
28
Let a(y) = 646*y - 4 + 3 - 643*y. Suppose 0 = 5*o - 2*x, -4*o + x + 0 = -3. Let b(n) = -n**3 + 3*n**2 - 2*n + 1. Let u be b(o). Determine a(u).
2
Let k(i) = 2. Let c(b) = -3*b + 5. Let p(d) = c(d) - 2*k(d). Suppose 3*q - 5*q - 2 = 0. Calculate p(q).
4
Let h(u) be the first derivative of u**4/4 - u**3/3 + 3*u**2/2 - 3*u - 8. Let q(j) = 2*j**3 - 3*j**2 + 7*j - 7. Let t(n) = -9*h(n) + 4*q(n). What is t(2)?
-19
Let c(i) = -i**2 - 7*i - 5. Let o = -31 + 17. Let t be (-2)/7 + (-4)/o. Suppose t = -6*u + u - 10, u = -3*j - 17. What is c(j)?
5
Let a(u) = u + 7. Let d be a(-4). Let q = -17 - d. Let z be q/6 + (-1)/(-3). Let x(k) = k + 4. Give x(z).
1
Let u(n) = 2*n. Suppose 6*x - 35 = -5. Suppose 4*q + 7 = 2*k + 19, x*q + 2*k = 24. Calculate u(q).
8
Let p(y) be the first derivative of 3*y**3 - y**2/2 + y + 51. Suppose 13*f + 4 = 17*f. Calculate p(f).
9
Let w(d) = 4 + 0*d + 7*d + 0*d. Let o be (-2)/(-3 + 129/45). Suppose -o = -71*y + 76*y. Give w(y).
-17
Let h(x) be the third derivative of x**5/60 - 5*x**4/24 - x**3/6 + 84*x**2. Determine h(3).
-7
Let p(y) = y - 2. Let b(k) = k**2 - 2. Let s be b(2). What is p(s)?
0
Let a(w) = w - 1. Let j(m) = -m - 14. Let n be j(-6). Let h = -5 - 1. Let b = n - h. Determine a(b).
-3
Let s(f) = 3 + 3 + 7208*f - 3608*f - 3604*f. Give s(9).
-30
Let w(h) = -2 - 6 - 214950*h + 214952*h. Suppose 2*z - 16 = -0. Give w(z).
8
Let u(h) = -25*h - 6. Let m be u(-1). Suppose -4*b + 1 + m = 0. Let w(a) = -3*a + 7. Calculate w(b).
-8
Let z(r) = -4*r + 3. Let x be ((-2)/4)/(2/(-56)). Let h = -8 + 6. Let b be (x/7)/(h/(-4)). Calculate z(b).
-13
Let t(n) = 2 - 4 + 15*n - 1 + 1 - 16*n. Give t(-14).
12
Let s(l) = 70 + 75 - 3*l**2 + 73 - 2*l - 219. Let j = 4 - 6. Determine s(j).
-9
Let u(q) be the second derivative of -q**5/10 + 7*q + 1. Calculate u(-1).
2
Let g = 156 - 156. Let i(b) = b - 26. Give i(g).
-26
Let t(d) = d**2 + 13*d + 5. Let f(l) = -9*l - 153. Let i be f(-16). Give t(i).
-31
Let q(b) = -b + 26*b**2 - 7*b**2 - 14*b**2 - 6 + b**3. Determine q(-5).
-1
Let w(a) be the first derivative of 5*a**3/3 + a**2 - 2*a - 8. Calculate w(-2).
14
Suppose 5*u = 4*o - 12, 15 = 5*o + u + 2*u. Let w(i) = 0*i + 5 + i - 6 - 5*i. Calculate w(o).
-13
Let n(g) = 9*g**2 + 4*g - 3. Let j be n(1). Let a(r) = r**3 - 9*r**2 - 10*r - 12. What is a(j)?
-12
Let n(g) = -9*g**3 - 7*g**2 + g + 10. Let h(t) = -11*t**3 - 8*t**2 + 2*t + 13. Let v(y) = 4*h(y) - 5*n(y). Suppose -2*q - 4 = -0. Calculate v(q).
0
Let h(m) be the second derivative of -m**4/6 - m**3/6 + m**2/2 - 4*m + 14. Give h(-1).
0
Let r be 4 - 7/(4 + 0 - 5). Let b(l) = -l**3 + 10*l**2 + 9*l - 4. Give b(r).
-26
Let h = -19 + 22. Let o(d) = 8*d**2 - 2 + 10 + 4 - 2 + d**h + 2*d. Calculate o(-8).
-6
Let n(q) = -2*q**3 + 29*q**2 - 13*q. Let p(o) = o**3 - 14*o**2 + 7*o. Let s(u) = -3*n(u) - 7*p(u). Let i be s(10). Let g(l) = l - 8. Calculate g(i).
-8
Let a(c) = 21*c + 7. Suppose 3*i + 0*i + 27 = 0. Let q be 2/(-5)*(-20)/(-4). Let d(m) = -5*m - 2. Let y(g) = i*d(g) + q*a(g). Determine y(-3).
-5
Let a(h) = h + 11. Let s be a(-8). Let g be 4 - (9/s - 4). Let k(j) = -5 - 4*j**2 + j**3 + 0*j**3 + 4 - 3*j. Calculate k(g).
9
Suppose 2*g + z - 16 = -3*z, 5*g - 8 = -2*z. Let c(i) be the third derivative of 0*i - 1/24*i**4 + 0 - 4*i**2 + 1/3*i**3. Give c(g).
2
Let v(n) = 2*n**2 - 10*n - 98. Let g be v(10). Let y(k) = 37*k - 4. Give y(g).
70
Let t(k) = -k**3 - 3*k**2 + 6*k + 5. Let i = 31 + -28. Suppose -5*f = g - 11, f + 0*f = i. What is t(g)?
-3
Let r be ((-2)/(-8))/(10/120). Let k(j) = 2*j - 1. Calculate k(r).
5
Let i(t) = 1. Let l(j) = -3*j + 12. Let c(z) = 1. Let o(u) = -15*c(u) + l(u). Let f be (-1)/(-4) - 136/32. Let h(w) = f*i(w) - o(w). Give h(2).
5
Let m be 8/10 + (-3)/(-15). Let g(d) = 8*d**3 + 6*d**2 + 4*d + 3. Let v(n) = 7*n**3 + 5*n**2 + 3*n + 2. Let u(s) = 3*g(s) - 4*v(s). What is u(m)?
-5
Suppose 0 = 11*i + 109 + 507. Let y = -51 - i. Let g(l) = l**2 - 5*l + 2. Calculate g(y).
2
Let c(k) = -55*k**3 + 2*k**2 + 5*k - 15. Let z(b) = -82*b**3 + 3*b**2 + 7*b - 21. Let p(t) = -7*c(t) + 5*z(t). Give p(-1).
26
Let l(p) be the third derivative of p**6/120 - 2*p**5/15 + 5*p**4/24 - 8*p**3/3 + p**2 - 192. Calculate l(7).
-30
Let i(a) = a**3 - 7*a**2 + 5*a - 4. Suppose 5*w = -152 + 32. Let k be (w/14)/6 - 44/(-7). Determine i(k).
-10
Suppose 3*a - 1 - 11 = 0. Let c be ((-1)/a)/(7/(-196)). Let h(u) = -u**2 + 5*u + 10. Calculate h(c).
-4
Suppose 30 = -9*q + 4*q. Suppose -4*x + 16 = -0. Let k(u) = 3 + 6*u - 8*u + x*u - 5. Calculate k(q).
-14
Let m(x) = -192*x + 87*x + 100*x - 3 - x**2. Let g = 2 - 2. Let w be -1*(7 - (2 - g)). Calculate m(w).
-3
Suppose 56 + 24 = -20*d. Let u(y) = y**3 + 6*y**2 + 4*y + 3. What is u(d)?
19
Let s(q) = 13*q + 15. Let f = -15 + 6. Let z(k) = -3*k - 4. Let o(c) = f*z(c) - 2*s(c). Suppose -3*l + 5*d - 8 = 5, -d = -4*l - 23. What is o(l)?
0
Let d(i) = 7*i + 3. Let t be d(2). Let p = 20 - t. Suppose -p*a + 35 = 4*a. Let v(u) = u**2 - 2*u - 4. Determine v(a).
11
Let g(b) = -16*b**2 + 5*b + 1. Let l(a) = -17*a**2 + 9*a + 2. Let i(y) = 3*g(y) - 2*l(y). Give i(-1).
-12
Let j(o) = o**3 + 3*o**2 - 3*o - 6. Let g be (0 - -2)/((-6)/72*8). What is j(g)?
3
Let c(s) = 4*s**2 - 4. Suppose -2*r = 4*r - 48. Let p(g) = -11*g**2 - g + 12. Let j(o) = r*c(o) + 3*p(o). Calculate j(-6).
-14
Let o(i) be the third derivative of -1/12*i**4 + 0*i + 1/60*i**5 - 5/6*i**3 - 8*i**2 + 0. Give o(4).
3
Let k = 687 - 690. Let w(m) be the second derivative of m**5/20 + m**4/6 - m**3/6 - m. Give w(k).
-6
Let w(j) = -5*j**2 + 2*j + 1. Let x(z) = z**2 - 134*z + 134*z. Let v(o)